46. List the prime factors of g.
3, 61
Let z = 1557 - 767. What are the prime factors of z?
2, 5, 79
Suppose -392 - 296 = 4*p. Let y = 290 + p. List the prime factors of y.
2, 59
Let k(o) = 864*o + 349. What are the prime factors of k(3)?
17, 173
Let a(x) = 20*x - 9. Let d be a(4). Suppose d = 4*z + n, -39 = -3*z - 0*z + 4*n. What are the prime factors of z?
17
Let k(j) = -6*j**3 + 21*j**2 + 13*j + 10. Let c(g) = -5*g**3 + 20*g**2 + 12*g + 10. Let d(p) = -7*c(p) + 6*k(p). What are the prime factors of d(-14)?
2, 37
Let h be -1*(-3)/6*4. Suppose -4*t - h = -86. What are the prime factors of t?
3, 7
Suppose 0 = 6*v - 2*v + 8. What are the prime factors of ((-34)/v*2)/2?
17
Suppose -174*z - 1134 = -183*z. What are the prime factors of z?
2, 3, 7
What are the prime factors of 553 + 3/9*-3*0?
7, 79
Suppose -5 = 3*s - 4*t, 2*s - 5*t + 6 = -t. What are the prime factors of ((-45)/4)/(((-3)/12)/s)?
3, 5
Let i(s) be the first derivative of -33*s**2/2 - 44. List the prime factors of i(-9).
3, 11
Let t = 0 - 48. Let r = 105 - 35. Let q = t + r. What are the prime factors of q?
2, 11
Suppose 3 + 29 = -4*m. What are the prime factors of (-2)/1 - (m - 162)?
2, 3, 7
Suppose 4*z + 13 = 77. Suppose -t = -55 - z. Suppose 29 = 3*a - 4*o - t, -a + 2*o + 34 = 0. List the prime factors of a.
2
Let n(w) = -7*w**3 + w**2 - 3*w + 1. Let i(r) = -r**3 + r**2 - r + 1. Let k(o) = -4*i(o) + n(o). List the prime factors of k(-3).
2, 3
Let r = 1 + 17. Let a = -8 + r. Suppose -3*f + 236 = 4*n, 0 = -3*f + 2 + a. List the prime factors of n.
2, 7
Suppose 0 = 6*l + 58777 + 8399. List the prime factors of l/(-234) + (-2)/(-13).
2, 3
Let w = 346 + -596. What are the prime factors of (5 - w/2) + 5?
3, 5
Let v(n) = -4*n - 69*n**3 + 4*n - n**2 - 12*n**3. What are the prime factors of v(-1)?
2, 5
Suppose -662 = -5*x + 298. Suppose 3*u = -u - x. What are the prime factors of u/((-9)/(-6) + -3)?
2
Let l(w) = -2*w**3 + 6*w**2 + 3*w - 7. Let u be l(3). Suppose 3*h + 3*y - 712 = -h, 2*h - u*y - 356 = 0. What are the prime factors of h?
2, 89
Let l be ((-60)/(-8))/(2 - (-55)/(-28)). Let n = -117 + l. List the prime factors of n.
3, 31
Suppose -q + 5*q - 130 = -5*h, 0 = q + 5*h - 40. What are the prime factors of (45/(-54))/(2/(-4))*q?
2, 5
Let k = -8 - -345. What are the prime factors of k?
337
Let q(b) = -b - 18. Let n(a) = 1. Let t(y) = -6*n(y) - q(y). What are the prime factors of t(11)?
23
Suppose 3*o = -5*g + 17, -4*g = -2*o + 15 + 11. Let q = 17 - 12. Suppose -q*m + o = -16. List the prime factors of m.
5
Suppose 5*u - 3097 = -4*m, 0 = u - 4*u + 2*m + 1845. What are the prime factors of u?
617
Let x = 331 + -174. List the prime factors of x.
157
Suppose 5*c - 24 = -4, 3*v - 3*c - 17094 = 0. List the prime factors of v.
2, 2851
Let r(c) = 104*c + 27. What are the prime factors of r(7)?
5, 151
Let n(m) be the third derivative of 5/24*m**4 - 4*m**2 + 0*m - 13/3*m**3 + 0. What are the prime factors of n(12)?
2, 17
Let o be (-2)/(4*1/(-110)). Let q = 6 + o. List the prime factors of q.
61
Let f(m) = m**3 - 10*m**2 - 17*m + 6. Let v be f(11). List the prime factors of (-183)/2*40/v.
61
Let q be (4 + 21/(-6))*(-96)/(-3). Suppose -282 = q*o - 1162. What are the prime factors of o?
5, 11
Suppose 4 = -4*y, 2*y = -3*t + y + 5. Suppose -107 = -x + t*u + 78, u = 3*x - 575. List the prime factors of x.
193
Let h(y) = -7*y + 30*y + 21 - 17. What are the prime factors of h(4)?
2, 3
Let s(c) = 114*c + 26. What are the prime factors of s(3)?
2, 23
Suppose 76 = -4*s - 2*l - 108, 0 = 2*s - l + 100. Let v = 119 + s. List the prime factors of v.
71
Suppose 7*a - 12350 = 3*a - 5*t, 0 = a - t - 3092. What are the prime factors of a?
2, 3, 5, 103
Suppose 213 = 2*d - 3*d. Let s = d + 385. List the prime factors of s.
2, 43
Suppose 5*v - 56144 = -11*v. List the prime factors of v.
11, 29
Let s(u) = -u**3 - 5*u**2 - 8*u - 6. Let v be s(-3). Suppose 0 = -6*i - v*i + 30. List the prime factors of i.
5
Let z(l) = -l**2 - 2*l + 5. Let x be z(0). Suppose -g = x*g - 96. List the prime factors of g.
2
Suppose 2*v - 496 - 234 = -4*b, 4*b + 341 = v. What are the prime factors of v?
3, 7, 17
Let s(v) = -46*v**3 - 2*v**2 - 4*v - 8. What are the prime factors of s(-2)?
2, 3, 5
Let a be -3 + (-155)/25 - (-1)/5. What are the prime factors of (-2)/9 + (-254)/a?
2, 7
Let q(y) = -26*y + 271. List the prime factors of q(-15).
661
Let f = 391 - 230. List the prime factors of f.
7, 23
What are the prime factors of (26 + -2412)*(-1 - (-3)/6)?
1193
Suppose -b - 7 = -2*b. Let x be 4/28 - 64/b. What are the prime factors of ((-15)/x)/(6/36)?
2, 5
Suppose 3*d - 15 = 3*f, d - 3*f - 2 = 7. Let q = 47 + d. List the prime factors of q.
2, 5
Suppose 14695 - 5860 = 5*u. List the prime factors of u.
3, 19, 31
Let p = -1 - -7. Suppose 2*m = 3*m + p. Let q = m + 12. List the prime factors of q.
2, 3
Let l = 62 + -67. List the prime factors of 4 - ((-8 - l) + -100).
107
Let z = 51 - 49. What are the prime factors of (-556)/(-8) + 4 + z/(-4)?
73
Let w be 18/(3*(-6)/27). Let j be ((-32)/(-6))/(9/w). Let v = 85 + j. What are the prime factors of v?
3, 23
Let g = -249 - -564. List the prime factors of g.
3, 5, 7
Suppose 0 = 2*o + o + 39. What are the prime factors of (-154)/(-6) + o/(-39)?
2, 13
Let p be -1 + 2 - (-1)/((-6)/(-24)). Suppose -2*m + a + 215 = -23, 214 = 2*m + p*a. What are the prime factors of m?
3, 13
Let h(g) = 10 + 3*g - 5 - 2*g. Let c be h(0). Suppose -c*x + x = -84. What are the prime factors of x?
3, 7
Let v = -4408 - -6434. What are the prime factors of v?
2, 1013
Suppose 0 = -2*f + 8 + 16. What are the prime factors of ((-310)/4)/(-5) + 6/f?
2
Let v(q) = 17*q - 16. Let h be -4 + 80/6 + (-2)/6. What are the prime factors of v(h)?
137
Let v(k) = -3*k**2 + 41*k - 2. Let a be v(13). Let s = 188 + a. What are the prime factors of s?
2, 53
Let v(k) = k**2 - 163. What are the prime factors of v(-60)?
7, 491
What are the prime factors of (-70)/140*1*-4478*1?
2239
Let b(y) = -7 + 18*y - y**3 - 16*y**2 + 22 + 0*y. Let k be b(-17). List the prime factors of (61 + k)/(3 - 2).
59
Let u be (-2)/4 - 123/(-6). Let l = u + 14. List the prime factors of l.
2, 17
Suppose o = -5*k + 363, -3*k + 13 - 1 = 0. What are the prime factors of o?
7
Let v be 11 - (3 + -4 + 0). Let k = v + -15. What are the prime factors of k/(-9) - 112/(-6)?
19
Suppose -3*b = 2*p - 28, -5*p + 87 = -5*b - 33. What are the prime factors of ((-1)/(-4) + (-295)/(-100))*p?
2
Suppose 14*s - 29682 = -12280. List the prime factors of s.
11, 113
Let k(b) = b**2 + 52*b + 109. List the prime factors of k(-2).
3
Let p(z) = 4*z - 2. Suppose -3*v = 4*j - v - 40, -4*v = -5*j + 50. List the prime factors of p(j).
2, 19
Suppose 2*m = i - 3 - 3, m - 6 = -4*i. Suppose -2*g - i*o - 4 + 16 = 0, 3*g - 2*o = -7. List the prime factors of (g - -22) + 2 + 1.
2, 13
Let f(l) = -3*l**3 + 5*l**2 - 8*l + 7. Let c be f(4). Let g = c + 250. What are the prime factors of g?
113
Let n = 77 + -1. Suppose 72*d = n*d - 1120. What are the prime factors of d?
2, 5, 7
Let a(g) = 82*g - 405. What are the prime factors of a(7)?
13
Suppose 5*s = 5*x - x + 19, -2*x - 5 = -s. Let b(j) = j**2 + 4*j. Let n be b(-4). Suppose n = -s*g + 12 + 15. List the prime factors of g.
3
Let b(h) = -h**3 + 14*h**2 - 13*h - 3. Let r be b(13). Let u(c) = -23*c + 19. List the prime factors of u(r).
2, 11
Suppose 2*v - 1558 = 2*y - 6*y, -3*y + v = -1161. What are the prime factors of y?
2, 97
Suppose -3*t + 3833 + 1150 = p, -2*t = 4. List the prime factors of p.
3, 1663
Suppose 47 = -p + 47. Suppose -5*w - 349 = -2*o - 1004, -3*w + 5*o + 412 = p. What are the prime factors of w?
3, 43
Suppose -5*u - 5*h + 125 = 0, -2*h = -4*u + 3*h + 109. List the prime factors of 14/91 + 2570/u.
3, 11
Let t = -2446 - -3529. What are the prime factors of t?
3, 19
Let v = -14 - -11. Let l(w) = 10*w**2 - 2*w + 7. What are the prime factors of l(v)?
103
Suppose -5*m - 30 = 2*c, -2*c - m = m + 18. Let a(r) = -6*r + 2. List the prime factors of a(c).
2
Let m be (1 + -7)/((-9)/6). Suppose 58 = -m*v + 5*v. What are the prime factors of v?
2, 29
Suppose 0*k + k - 25 = 0. Suppose -3*o = -k - 59. Suppose -3*b + 65 = 4*g, 2*g - o = -5*b - 13. What are the prime factors of g?
2, 5
Let g be (32/40)/((-2)/(-35)). Let j = g - 11. What are the prime factors of ((-4